base 5.
-20231403
311665 (base 7) to base 8
150402
Convert -1000110110101110010010 (base 2) to base 16.
-236b92
Convert 23100310 (base 5) to base 10.
206330
Convert 110307 (base 9) to base 4.
100011010
Convert 10211303121 (base 4) to base 2.
100100101110011011001
What is -951629 (base 11) in base 8?
-5642020
What is 7232960 (base 11) in base 12?
433a5a9
What is 12210012102220 (base 3) in base 11?
180aa23
105465 (base 8) to base 9
53786
Convert 101111100111010001 (base 2) to base 8.
574721
-113506 (base 8) to base 5
-2214401
What is 1647000 (base 8) in base 11?
2a7740
Convert 222527 (base 13) to base 8.
3044164
What is -6334702 (base 8) in base 12?
-693802
Convert -aa36 (base 13) to base 2.
-101110010011001
What is -1949837 (base 11) in base 2?
-1100100011110110011011
What is 24015534 (base 6) in base 3?
1102001112111
Convert -20323100021 (base 4) to base 13.
-63c035
-11012144 (base 5) to base 16
-171d2
Convert 725938 (base 10) to base 14.
14c7aa
What is -22012031232 (base 4) in base 14?
-4cc87c
What is 1539ab2 (base 13) in base 11?
3918941
Convert -5a696a (base 14) to base 3.
-12211001212210
-11111124 (base 5) to base 8
-276600
100000000111000011 (base 2) to base 6
2452523
Convert 12637b (base 12) to base 15.
5e39e
-e6e6c (base 16) to base 9
-1701317
What is -10001111010001100010 (base 2) in base 15?
-b8d35
Convert -52343502 (base 6) to base 7.
-15640202
Convert 14614626 (base 7) to base 2.
101010101100100011100
-1866 (base 10) to base 6
-12350
Convert 210201040 (base 5) to base 4.
3103113222
4992a (base 12) to base 14
28546
-101512 (base 10) to base 6
-2101544
1111110010111101 (base 2) to base 14
19817
What is 43e36 (base 15) in base 10?
215826
-264032 (base 13) to base 11
-580332
10523441 (base 7) to base 15
130a8e
Convert -8908 (base 16) to base 2.
-1000100100001000
-1882706 (base 9) to base 5
-232331402
1264984 (base 10) to base 14
24d000
-12a23 (base 13) to base 16
-8772
Convert -2331210 (base 7) to base 10.
-293370
What is 13667656 (base 9) in base 16?
676710
What is 61699 (base 12) in base 7?
1036425
1055193 (base 15) to base 8
54367274
What is -108137 (base 9) in base 3?
-10022011021
-1220041 (base 6) to base 11
-44782
What is -21530235 (base 6) in base 8?
-2364257
Convert -1111110110101001 (base 2) to base 14.
-19945
What is -211110020122122 (base 3) in base 14?
-1828952
What is -184841 (base 9) in base 8?
-340702
2337012 (base 9) to base 13
353924
What is -76a3 (base 15) in base 5?
-1301003
What is -808582 (base 15) in base 16?
-5d20cf
Convert 3805a (base 13) to base 8.
311646
What is -3023000 (base 4) in base 15?
-3cb2
Convert -445581 (base 10) to base 6.
-13314513
What is 1021210202100 (base 3) in base 5?
133410310
Convert -96584 (base 10) to base 3.
-11220111012
Convert -1012222222112 (base 3) to base 13.
-199847
What is 41576 (base 13) in base 5?
12224013
Convert 111004155 (base 6) to base 8.
7520147
-232300223 (base 4) to base 8
-566053
Convert -4515270 (base 8) to base 15.
-1913db
Convert -54501114 (base 6) to base 9.
-3046621
What is -101001101000010111010 (base 2) in base 6?
-45123310
202112110202 (base 3) to base 16
62af2
What is -3d9ecd (base 15) in base 10?
-2969968
-2061422 (base 7) to base 13
-89ba9
161030c (base 14) to base 3
202022110122012
What is -3596b (base 13) in base 2?
-10111111111100110
Convert -3816825 (base 12) to base 9.
-22585852
Convert -17112ca (base 13) to base 5.
-3402111442
What is 28aa50 (base 11) in base 8?
1566255
Convert 24500244 (base 6) to base 5.
200113401
Convert -370263 (base 9) to base 4.
-312200331
What is -296857 (base 12) in base 4?
-2221321003
-369133 (base 10) to base 14
-98749
Convert -458aa (base 13) to base 15.
-27831
-555259 (base 11) to base 13
-250024
-7550442 (base 8) to base 12
-814916
Convert -1836d (base 16) to base 14.
-28205
What is 12db1 (base 15) in base 9?
101844
-461090 (base 13) to base 16
-194fe4
What is 6410236 (base 9) in base 8?
15056256
-2916072 (base 10) to base 16
-2c7ee8
What is 312406 (base 11) in base 9?
843146
Convert -8257653 (base 9) to base 14.
-82a620
-1101100010110000111 (base 2) to base 12
-19499b
-23995 (base 12) to base 13
-18b54
104666242 (base 7) to base 14
bb5259
What is 2143342 (base 6) in base 10?
107054
-103521 (base 7) to base 2
-100011010110000
Convert 722442 (base 8) to base 11.
153526
Convert 135dcb (base 16) to base 13.
355905
Convert 220775 (base 12) to base 7.
4410011
Convert -101322233223 (base 4) to base 15.
-62bacc
Convert eed25 (base 15) to base 16.
b94b0
104761 (base 8) to base 6
431253
244002 (base 5) to base 8
22044
Convert 210222020 (base 4) to base 15.
2e752
-ad5546 (base 16) to base 7
-165361150
What is -21020000111 (base 3) in base 7?
-1131325
Convert -7243b (base 14) to base 7.
-2224304
1010221000000 (base 3) to base 16
949cb
Convert 785a13 (base 12) to base 2.
111010100001101101111
What is 89463 (base 13) in base 3?
110122120220
4338706 (base 9) to base 15
310119
What is -4cac7 (base 15) in base 4?
-323322331
11014343 (base 5) to base 8
271375
Convert -121212211000122 (base 3) to base 8.
-42163054
-42831 (base 13) to base 6
-2323410
What is 56533 (base 12) in base 11?
79290
What is 402204241 (base 5) in base 13?
4406ab
-2022112110122 (base 3) to base 6
-42214325
a1603 (base 14) to base 8
1365763
-d547a (base 14) to base 7
-4240413
What is b2f70 (base 16) in base 6?
23413412
Convert -1011011110000101000 (base 2) to base 14.
-9ad84
25541367 (base 8) to base 5
2423423012
Convert -51323 (base 7) to base 4.
-3003200
-411213411 (base 5) to base 4
-12112021312
-413768 (base 10) to base 14
-aab0c
-10210221220 (base 4) to base 16
-124a68
Convert -49d51 (base 14) to base 5.
-21242404
-2824512 (base 10) to base 9
-5274446
What is -10120303320 (base 4) in base 9?
-2142700
Convert 314047 (base 8) to base 2.
11001100000100111
Convert -1011010010110100110110 (base 2) to base 14.
-570d82
Convert -11110100101111000 (base 2) to base 4.
-132211320
What is 101101002202 (base 3) in base 2?
110001110110100010
Convert -8a1747 (base 11) to base 8.
-5366567
Convert 440412210 (base 6) to base 14.
108c6aa
-a218 (base 14) to base 15
-83be
210100220010 (base 3) to base 11
267a73
What is -10102201022120 (base 3) in base 13?
-4bb844
Convert -5112 (base 6) to base 10.
-1124
10010100000000010 (base 2) to base 9
124847
Convert -34420312 (base 5) to base 11.
-1a2491
Convert -100000000110010010001011 (base 2) to base 8.
-40062213
What is -12416a (base 11) in base 15?
-3d06e
What is 1522415 (base 12) in base 2?
10000010011110111010001
Convert 281a33 (base 11) to base 3.
211110001020
Convert -11503152 (base 6) to base 14.
-97644
Convert 1011011110001000010 (base 2) to base 4.
1123301002
Convert 163332 (base 9) to base 10.
100874
13a55a3 (base 12) to base 13
a837a1
What is -1deba (base 16) in base 11?
-84093
What is 1565646 (base 9) in base 3?
1122012201120
What is -131312213 (base 5) in base 8?
-2367265
What is 220101001121 (base 3) in base 6?
14140541
What is f0b3 (base 16) in base 4?
33002303
What is -1101100110010001 (base 2) in base 13?
-1c475
-237325 (base 8) to base 14
-21a61
What is -1592a (base 12) in base 2?
-111011111110010
11010012 (base 7) to base 4
3212113302
What is 234044414 (base 6) in base 7?
52221163
Convert -11412043 (base 5) to base 8.
-321214
Convert -c12a5 (base 14) to base 13.
-133424
3154710 (base 10) to base 13
865bc0
Convert 1001213201 (base 4) to base 10.
268769
-21303705 (base 8) to base 9
-8514605
Convert -23130132 (base 4) to base 15.
-dd53
13233310 (base 5) to base 11
913a7
Convert 615342 (base 7) to base 15.
21240
What is 130474 (base 8) in base 11?
310a8
8579 (base 11) to base 10
11339
-17eae2 (base 15) to base 12
-481372
Convert -3fc893 (base 16) to base 2.
-1111111100100010010011
What is 45220021 (base 6) in base 15?
1c1421
Convert -210223230321 (base 4) to base 12.
-3278b09
Convert 1430114313 (base 5) to base 7.
43624402
What is 2210121230 (base 4) in base 16?
a466c
-1e4e2 (base 15) to base 11
-68409
What is 3210030213 (base 4) in base 3?
1202111011100
What is 8282067 (base 10) in base 2?
11111100101111111010011
What is 130164031 (base 7) in base 5?
4104034122
3041a9 (base 12) to base 8
2700021
Convert -120002110021 (base 3) to base 16.
-4884a
5a595 (base 14) to base 13
79568
Convert -12c0ad (base 15) to base 8.
-3340250
Wh